et r be d(25). Suppose -4*m + r*n = m - 31332, 0 = 3*m - 5*n - 18796. Is m prime?
False
Let i(s) = 20*s - 10 - 86*s - 4*s - 59*s + 10*s. Suppose 3*l - 1 = 2*u, 0 = 4*l - l - 3*u - 6. Is i(l) a composite number?
False
Let i = 108 - 108. Suppose -5*o + 5*z + 34070 = i, -4*z - 35849 + 1774 = -5*o. Let g = 9772 - o. Is g prime?
True
Let q be (91 + -13278)/((-2 - -1)*-1). Let l = -8860 - q. Is l prime?
True
Suppose 4*w - 3*k - 2033510 = 0, 4*k + 446385 = 2*w - 570385. Is w composite?
False
Let k = 77212 - 3013. Is k a composite number?
True
Let n(a) = 15*a + 7. Let t(v) = -7*v - 4. Let w(k) = -3*n(k) - 5*t(k). Let x = -2 + -7. Is w(x) prime?
True
Let t(r) = 24170*r**3 + 3*r**2 - 7*r + 3. Let s = -93 - -94. Is t(s) a prime number?
True
Suppose 0*q = -5*q + 3*k + 5, 2*q + 4*k = 28. Let g be 2/(16/(-20)) + (-6)/q. Let o(u) = 151*u**2 + 3. Is o(g) prime?
False
Suppose -y = 3*k - 30, k - 5*k + 30 = y. Suppose 3*h - 3*r - 7 = 11, -3*h + y = 3*r. Is 8283 + h/(-5 + 9) prime?
False
Let f be (-23432 - 4/(-4)) + 3. Let w = f - -10213. Is 3/((-63)/6) - w/21 a prime number?
False
Suppose 0 = z - 128 + 21. Suppose 104*r + 594 = z*r. Is ((-17)/(-3))/(6/r) a prime number?
False
Let y = 5042 - 2533. Suppose -15*b - 57*b + 43733 = -57643. Let u = y - b. Is u a composite number?
True
Let j = -58788 + 141835. Is j prime?
True
Let f(g) = 37*g**3 - 2*g**2 - g - 2. Let w be f(3). Let r = w - -735. Is r a composite number?
True
Suppose -1785 = z + 4*q, 0 = 4*z + q + 6827 + 238. Let l = -1064 - z. Is l a composite number?
False
Let v(j) = -754*j**3 + 16*j**2 - 8*j + 19. Is v(-5) prime?
True
Let h(t) = 74*t - 5. Let j(b) = -b**2 - 10*b + 25. Let g be j(-12). Is h(g) a prime number?
False
Let x(m) = -759*m + 19. Suppose 0 = 40*u - 33*u + 14. Is x(u) prime?
False
Let m(r) = -30*r - 79. Let g(x) = -5*x + 6. Let p be g(3). Is m(p) prime?
True
Suppose 0*r + 4*r = -0*r. Suppose -3*l + 6606 = 3*j, -4407 = -2*l + j - r*j. Is l composite?
False
Suppose -21 + 106 = 5*k + 5*v, 3*v - 15 = 0. Suppose -3*g - k = -9. Is (1119 - 2)/(g + 2) prime?
True
Suppose 40 = 11*g + 7. Let a(o) = 62 - 1 + o**g + 2*o - 2 + 20. Is a(0) a composite number?
False
Suppose -2*r + 231844 = 4*b, 4*b = r + 169520 + 62318. Suppose -2185 = 25*y - b. Is y composite?
True
Suppose -131*p = -124*p - 15281. Is p a composite number?
True
Let g be 3/(-4 + (-74347)/(-18592)). Let a = g - -4557. Is a composite?
False
Suppose 4*a = -2*l + 246, 3*l - 361 = -0*a + 2*a. Let o = l + -121. Suppose 0*v = -3*v - 3*j + 8178, o = 3*v + 2*j - 8173. Is v prime?
False
Let j be (43/(-1)*1)/((-9)/(-45)). Let r = j - -252. Is r prime?
True
Let u be 2 - (-531)/(-4) - 3/(-4). Let w = u + 240. Is (-3)/(33/(-18031)) + (-20)/w composite?
True
Let d(x) be the third derivative of -3*x**6/8 + 11*x**5/60 + 17*x**3/6 + 195*x**2. Is d(-5) a composite number?
True
Let v = 6807960 + -1890367. Is v a prime number?
True
Let t(r) = 387*r + 8. Let c(b) = b**2 - 8*b - 20. Let w be c(10). Suppose -2*u - 36 = -g - 3*g, w = -5*g + u + 45. Is t(g) prime?
True
Suppose 0 = 4*d - 5*s - 1130493, -5*d - 282642 = -6*d + 5*s. Is d composite?
False
Let q(w) = 185*w - 12. Let n = 234 + -224. Is q(n) a composite number?
True
Suppose 3*t + 3*n = t + 1, 4*t - 1 = -5*n. Is t*(-12774)/18*3 prime?
True
Let m(d) = 126*d**2 - 115*d + 3241. Is m(26) a prime number?
True
Suppose 5*s + 1 = -2*k + 5*k, -2*s - 5*k = 19. Is s/((-80241)/(-80255) - 1) a prime number?
False
Let d = 0 + 12. Suppose 5*m + d = -238. Is -753*(-4 + m/(-15)) a prime number?
False
Let t be -2 + (-785142)/(-63) + (-6)/(-14). Is 5 + 1 - (48 - t) composite?
True
Is 4 - ((-18)/12 + (-1844)/24)*21123 a composite number?
True
Suppose -2*w + 20*r + 1093712 = 14*r, w - 546866 = 5*r. Is w prime?
True
Suppose 16*j + 263655 = 3*z + 14*j, 0 = -4*z - j + 351562. Is z a prime number?
False
Suppose 0 = 232*r + 145*r + 29427786 - 328889065. Is r a prime number?
True
Let l = -22 + 25. Let u(i) = i**3 - 2*i**2 - 5*i + 3. Let n be u(l). Is (1/(-1)*-2039)/(n + 4) a prime number?
True
Suppose -4*r - 2*s = -712308, 18*r + s + 890385 = 23*r. Is r prime?
False
Let r be 12 + 16*27/(-36). Suppose -2*o + 24 = 2*o. Suppose -o*d + r*d = -3090. Is d a prime number?
False
Let z = -2017749 + 2893922. Is z a composite number?
True
Let y(s) = -s**3 - 20*s**2 + 46*s + 27. Let c be 1*(3 - 29 - -1). Let t be y(c). Suppose -t + 564 = -2*k. Is k composite?
False
Let k(s) be the third derivative of -s**5/60 + 3*s**4/8 - 5*s**3/6 + 2*s**2. Let u be k(8). Suppose d - u*d = -2302. Is d prime?
True
Suppose -l + 1 = -0*l, -3*c + 4*l + 641 = 0. Suppose 4*a = 8*a + 3*m - 445, -c = -2*a + m. Is a composite?
False
Let x = 2712 - 1370. Suppose 2*q - 4*u + x = 4848, 0 = -5*q - 4*u + 8765. Is q a composite number?
False
Let p be 1*(-4)/(-18) - (-230)/18. Suppose -3567 = 16*q - p*q. Let n = 1770 + q. Is n composite?
True
Let k be -2 + (-2994)/(3/(-1)). Suppose k*n + 2491 = 997*n. Is n composite?
True
Is -15 - -17 - 5 - (68*14144)/(-2) composite?
True
Suppose -5*s = 4*p - 1175779, -24*s = -27*s - 3*p + 705465. Is s a composite number?
False
Let j(k) be the second derivative of -226*k**3 + 169*k**2/2 + 6*k. Is j(-9) composite?
False
Let p(a) = -3*a - 7. Let o be p(-4). Suppose -o + 51 = -2*d. Let v(j) = 2*j**2 + 30*j - 15. Is v(d) composite?
False
Suppose -11*w + 109655 = -6*w. Suppose -14*r + 27*r - w = 0. Is r prime?
False
Let g = -306 - -302. Is -3 + (g/6)/(6/(-20160)) composite?
False
Let v(f) = 48*f + 25. Let k be 1 - -4 - 0 - (-1 - -1). Suppose -k*w + 27 = -13. Is v(w) prime?
True
Let g = -120 - -140. Suppose 0 = -5*p + g, 3*z - 4*p = 7*z - 2556. Is z prime?
False
Let k(m) = -2*m**3 + 5*m**2 - m - 2. Let b(c) = -c**3 + 6*c**2 - 2*c - 3. Let q(z) = 3*b(z) - 2*k(z). Let u(l) = 2*l. Let y be u(-3). Is q(y) prime?
False
Let i(q) = -19706*q - 3221. Is i(-23) prime?
False
Suppose 3*n - 4*n + 2 = 0. Let w(z) = 319*z**3 - z**2 + 3 - 2*z - 3*z**2 + 6*z**n - 103*z**3. Is w(2) prime?
False
Let m be 2*4*(-3 - -2). Let s(o) be the first derivative of -103*o**2/2 + 53*o - 517. Is s(m) composite?
False
Let y(x) = 3 + 6*x**2 + 8 + x - 5*x. Suppose 5*d + 2*l - 36 = 0, 9 = -3*d + 4*d + l. Is y(d) prime?
False
Suppose 32*z - 4983037 = -71*z. Is z prime?
False
Let l be 1 + 1 - -1 - 7 - 1. Is (1 + -2)*4703/(5/l) a prime number?
True
Let r = -21 + 26. Let p(j) = -j**2 - 10*j - 8. Let x be p(-9). Suppose -r*l + m - x = -181, 0 = m - 5. Is l a composite number?
False
Suppose -g - 3*x = 9, -4*x - 12 = 6*g - 9*g. Suppose -33373 = -5*l - 7*m + 3*m, g = -5*m + 10. Is l a composite number?
False
Let a = -152677 - -298664. Is a a composite number?
False
Let d(q) be the second derivative of 590*q**3 + 55*q**2/2 - 81*q. Is d(4) a composite number?
True
Let g(b) = 20*b**3 - 11*b**2 + 10*b + 5. Let y(p) = -p**2 + 10*p - 18. Let a be y(4). Is g(a) prime?
True
Let p(c) = -3384*c**3 - 39*c**2 - 238*c + 1. Is p(-6) prime?
True
Let h = -28 + 32. Suppose 0*d + 624 = h*o - 3*d, 3*d - 12 = 0. Suppose 5*w - r = 1292, -874 = -4*w + r + o. Is w a composite number?
True
Let j(f) = f**2 - 13*f + 12. Let a be j(12). Suppose l + 4 = -4*k, a*k - 2*k = -4*l + 2. Suppose 5*g - 1151 - 164 = l. Is g a composite number?
False
Let z(v) = 58*v**2 - 32*v + 30. Let d be z(5). Let a = 4913 - d. Is a prime?
True
Suppose 12 = 3*u, -l + 6*l - 5*u = -226540. Is (l/(-20))/((-8)/(-20)) a prime number?
False
Let n = 358 - 379. Is (-8817)/2*(28/n + -2) prime?
False
Let t be (-12)/(-20) - 28/(-20). Let h = t + 0. Suppose -n - h*n + 2*w + 2059 = 0, 0 = -n + 4*w + 703. Is n composite?
False
Let p(a) = 288*a - 43. Let t(v) be the first derivative of -36*v**2 + 11*v - 23. Let r(c) = 4*p(c) + 18*t(c). Is r(-5) a prime number?
False
Suppose 3*n - 10362 = 141. Suppose a - n = -5*y, 4*a - 1386 = -8*y + 6*y. Is y prime?
True
Suppose 23*k - 2159 = 6*k. Suppose -2*c - k = -1473. Is c a composite number?
False
Let t = 18858 - 3311. Suppose 0*m - t = -7*m. Is m prime?
True
Let h(c) = 8783*c**2 - 184*c - 1481. Is h(-8) a composite number?
False
Suppose 2*z + 5 = 17. Suppose -1695 + 105 = -z*q. Is q a prime number?
False
Suppose -3*i + 4*i - 70 = -3*c, i + 45 = 2*c. Suppose -c = -3*n - 8. Suppose 324 = -h + n*w + 1426, 4456 = 4*h - 4*w. Is h composite?
False
Let f(o) = 866*o - 49. Let d be (8 - 1) + (-1)/1. Is f(d) a composite numbe